*2 - 31*m - 95. Let t(r) = 2*n(r) + 5*u(r). What are the prime factors of t(16)?
509
Let s be (3 - 1) + 2 + -1. Let y be (0/1 - -2)/(24/36). Suppose -6 = y*a, -s*f + 291 = 2*a + a. What are the prime factors of f?
3, 11
Suppose 0 = 5*k + 4*c - 10, -c + 3*c = 3*k - 28. Let a be ((-2)/k*2)/(2/3). Let m(l) = 109*l**2 + 3*l + 3. What are the prime factors of m(a)?
109
Suppose -c - 354 = c + 2*m, 0 = -c + 3*m - 157. Let d = c - -299. What are the prime factors of d?
127
Let u be (0/(-1) + 5/(-10))*778. Let r = 9 - u. List the prime factors of r.
2, 199
What are the prime factors of 11223 + (-132)/(10 + -21)?
3, 5, 7, 107
Let y be (-8)/24 - (-2)/6 - -33. Let q = 38 - y. Suppose 3*j - 84 = q*n + 118, -4*j = 2*n - 304. List the prime factors of j.
2, 37
What are the prime factors of (((-212)/(-20)*-2)/2)/((-45)/59175)?
53, 263
Let a(l) = 2*l**3 - 8*l**2 + 21*l - 8. Let v be a(3). Suppose -v*w + 12549 - 376 = 0. What are the prime factors of w?
7, 47
Let f be 12/(-40)*-5*(1 - -1). Let m be (-1)/((-2)/f)*24/(-9). What are the prime factors of m - -141 - (3 + (0 - 3))?
137
Let r(x) = 382*x - 2625. What are the prime factors of r(20)?
5, 17, 59
Let z be (0 - -3) + -33 + 2. Let u = z - -38. Suppose -u*m = -9*m - 141. List the prime factors of m.
3, 47
Let x(l) be the second derivative of -l**5/20 - 7*l**4/6 + 3*l**3 + 49*l**2/2 + 47*l - 1. List the prime factors of x(-15).
2
Let h be 1773*(2/3 + (-7)/21). Let w = h - 408. List the prime factors of w.
3, 61
Suppose -x + 53 = 5*f, 6 = 2*f - 3*x - 5. Let z be (-5)/f*-6*(-2)/(-3). Suppose -5*y = -2*i + 420, 0 = 5*i + z*y + 354 - 1433. What are the prime factors of i?
5, 43
Let y be (-3)/(-12) + 46/8. Let t(s) = -2*s**2 + 11*s + 12. Let g be t(y). Suppose -129 = -g*z + 777. List the prime factors of z.
151
Let x(m) be the second derivative of 323*m**3/6 + 79*m**2/2 - 120*m. List the prime factors of x(3).
2, 131
Suppose 11*t = 4*t + 28. Let v = 48 + -48. Suppose t*r + 4*z = 940, -3*r = -v*r - z - 705. What are the prime factors of r?
5, 47
List the prime factors of 24/(-90)*-5 + 169180/6.
2, 23, 613
Suppose -39*r - 113 = -581. What are the prime factors of 419 - 11/((-22)/r)?
5, 17
Suppose 18 + 52 = -5*c. Let q(d) = 5*d**2 + 27*d - 18. What are the prime factors of q(c)?
2, 73
Suppose 144 = 10*c + 2*c. Let b be 6/(-24) + 3231/c. Let g = b + -128. List the prime factors of g.
3, 47
Suppose -3*o + 1221 = 2*f, 42*o - 1209 = 39*o + 2*f. Let l = -310 + 570. Suppose -4*i = 5*x - o, -3*x = -6*x + i + l. List the prime factors of x.
5, 17
Let y = 8710 - -8884. What are the prime factors of y?
2, 19, 463
Suppose 0 = 2*t - 2, -5*p + 7*t - 8*t + 1591 = 0. Let z = 425 + p. List the prime factors of z.
743
Let g(d) = -d**3 - d**2 + 4. Let s be g(0). Suppose -f + 4*m + 173 = -163, 2*m + 988 = 3*f. List the prime factors of (f/(-12))/(s/(-6)).
41
Let r(x) = -x**3 - 4*x**2 + 10*x - 8. Let y be r(-6). Suppose -y*b = b + 5*f - 1310, -1027 = -4*b + 3*f. List the prime factors of b.
7, 37
Suppose -926246 = -41*q + 1475206. List the prime factors of q.
2, 3, 1627
Let x(r) = -2094*r - 89. What are the prime factors of x(-7)?
17, 857
Suppose 2*u + v - 5147 = 0, u + 23*v - 24*v = 2572. What are the prime factors of u?
31, 83
Suppose 5*z - 1974 = -2*z. Suppose 4*r - 2*u = z, -4*u + 2*u = -5*r + 352. List the prime factors of -4*2/4 + r + 2.
2, 5, 7
Suppose -14*h + 356556 = 17*h + 12*h. What are the prime factors of h?
2, 3, 691
Let q(w) = 5*w**2 + 153*w - 185. List the prime factors of q(-55).
3, 5, 29
Let t(n) = -2*n**2 + 8*n + 26. Let c be t(6). Suppose -4*p + 1163 = 3*k - 1285, -c*k + 1222 = 2*p. List the prime factors of p.
3, 5, 41
Let b(x) = 13*x**2 + 30*x - 761. List the prime factors of b(24).
11, 677
Let l be (1 - (-3 + 2)) + 104/(-1). Let a = l - -244. Suppose p + 2*w - 19 = 23, 3*p = -2*w + a. List the prime factors of p.
2, 5
Let n(c) = 11*c**2 - 32*c + 50. List the prime factors of n(43).
19013
Let l be (6/9 + -4)*36/(-10). List the prime factors of l/(-8)*(-305 + -1 - 4).
3, 5, 31
Let p(c) = -c + 1. Let g(b) = 39*b - 6. Let a be (-13 + 22)*4/3. Let x(y) = a*p(y) + g(y). List the prime factors of x(2).
2, 3, 5
Suppose 21390 = 5*i - 5*s - 30100, -5*i - 3*s = -51514. What are the prime factors of i?
10301
Let w be (-558)/(-8) + (-15)/(-60). Let q = w - -36. List the prime factors of q.
2, 53
Suppose 8*b - 26*b = -286524. What are the prime factors of b?
2, 3, 7, 379
Suppose 2*w + 27 = 11*w. Suppose 3*p - 13 = -s, 0*s - 14 = -w*p - 2*s. List the prime factors of 96/3 - (2 - p).
2, 17
Suppose -3*h + k + k = 12, 3*h = k - 9. Let b(i) = 24*i**3 + 4*i. Let a be b(h). Let l = a + 384. What are the prime factors of l?
2, 23
Let z be (5 + 1158/(-18))/(1/6). Let l = -120 - z. List the prime factors of l.
2, 59
Suppose 5*j = -4*p + 17, 0 = j + 2*p - 3*p - 7. Suppose j*x = -289 - 11. Let t = -5 - x. What are the prime factors of t?
5, 11
Let k be 1/((-1)/(-1132) - 0). Let q = k + -674. List the prime factors of q.
2, 229
Let j be 3/(-5) + 4/(-50)*5. What are the prime factors of 52/13 - 259*j?
263
Suppose -5*o - 116 = 4*u, 3*o + 20 + 2 = -u. Let m = 34 + u. What are the prime factors of m + 8/14 + 6656/112?
2, 3, 5
Let u(c) = 74*c + 564. What are the prime factors of u(21)?
2, 3, 353
Let b(m) = m**3 + 4*m**2 - m + 23. Let c be b(-5). Suppose 2*z - 428 = -14*d + 12*d, -5*d + c*z + 1110 = 0. List the prime factors of d.
3, 73
Let w = -28 - -646. Suppose -u + w = 5*u. What are the prime factors of u?
103
Let b(k) = 67*k**2 + 89*k - 85. List the prime factors of b(11).
9001
Let x = 17677 + -7586. What are the prime factors of x?
10091
Let j(w) = 57*w + 36. Let t be j(-4). Let y = t - -579. What are the prime factors of y?
3, 43
Let i be (-72)/(-15) - (-1)/5. Suppose -2*o = 5*p - 4*p - 20, -2*p - i*o + 45 = 0. Suppose 0 = -5*y + 55 + p. List the prime factors of y.
13
Let v(k) = 939*k**3 - 13*k**2 - 468*k**3 - 6 - 18*k - 472*k**3. Let m be 2*-7 - (-1 - 0). What are the prime factors of v(m)?
2, 3, 19
Let x = -23 - -25. Let g be 670/50 + x/(-5). Suppose -7*u = -g*u + 210. What are the prime factors of u?
5, 7
Let h(i) = -2*i + 32. Let k be h(19). Let j(x) = 10*x + 39. Let t be j(k). What are the prime factors of (-6)/t - 2*(-587)/7?
2, 3, 7
Suppose 5*o - 4*u = 52380, -3*o - 12049 = -u - 43470. Suppose -25*n = -o - 6828. What are the prime factors of n?
2, 173
List the prime factors of (-4)/(-14) - (-782627)/469 - (-1)/(-1).
2, 3, 139
Suppose 4*u - 2115 = 365. Suppose -3*m - 3*i + 880 = -u, -2*m + 1008 = -2*i. What are the prime factors of m?
2, 251
Suppose -3027*x = -3025*x - 9696. What are the prime factors of x?
2, 3, 101
Let s = 154 + 107. Suppose -s*r = -263*r + 624. What are the prime factors of r?
2, 3, 13
Suppose 6*q = -0*q + 18. Suppose 423 = q*w + l + 2*l, 2*l = -4*w + 574. Suppose 2*m - w = 5*f, -7*m = -6*m + f - 73. List the prime factors of m.
73
Suppose 0 = -5*k - 1605 + 375. Let r = k - -417. Suppose 0 = 3*x - 0*x - r. What are the prime factors of x?
3, 19
Let k(r) = -7*r**3 - 23*r**2 + 9*r - 465. What are the prime factors of k(-18)?
3, 5, 37, 59
Let c(w) be the second derivative of -w**4/12 - 20*w**3/3 - 21*w**2 - 5*w - 7. List the prime factors of c(-28).
2, 3, 7
Let d(g) = g**3 - 6*g**2 - 2*g + 1. Suppose -l = k + 2 - 6, -4*l = -3*k - 51. What are the prime factors of d(l)?
2, 113
Suppose 9 = -3*o, 4*z + 0*o - 749 = -o. Suppose -z*r + 186*r = -68. List the prime factors of r.
2, 17
Suppose 5*b - 4*i = 179368, 0 = -2*b - 3*i + 84930 - 13192. What are the prime factors of b?
2, 19, 59
Let x(s) = 4*s + 9*s + 10*s. Suppose 2*o + 5*f + 23 = 0, f + 3 + 1 = -o. List the prime factors of x(o).
23
Suppose 9*u - 28 = 2*u. Suppose -u*l + 7*l + 3*n - 9 = 0, -4*l + 15 = 3*n. Suppose -6*q + 3*i + 55 = -4*q, 0 = 2*i - l. List the prime factors of q.
2
Let p(a) = 1599*a + 5. List the prime factors of p(1).
2, 401
Let x = 26019 + 1582. What are the prime factors of x?
7, 3943
Let v = 31 - 28. Suppose -t - v*y - 32 = 3*t, 0 = -y. What are the prime factors of 18/t*2*7*-2?
3, 7
Suppose -5*i = 5*o - 40565, -56*o + 61*o - i - 40577 = 0. List the prime factors of o.
3, 5, 541
List the prime factors of (114/18 - 8)*196938/(-5).
2, 3, 7, 521
Let h = -257 - -254. Let a(p) = -7*p**3 - p**2 - p - 9. List the prime factors of a(h).
2, 3, 29
Supp